{"id":10,"date":"2015-08-14T13:24:03","date_gmt":"2015-08-14T13:24:03","guid":{"rendered":"http:\/\/www.agileadministradora.com\/site\/?page_id=10"},"modified":"2022-08-31T15:14:01","modified_gmt":"2022-08-31T15:14:01","slug":"servicos","status":"publish","type":"page","link":"https:\/\/www.agileadministradora.com\/site\/servicos\/","title":{"rendered":"SERVI\u00c7OS"},"content":{"rendered":"<p>[vc_row][vc_column][vc_column_text css_animation=&#8221;left-to-right&#8221;]<b>ADMINISTRA\u00c7\u00c3O DE CONDOM\u00cdNIOS<\/b><\/p>\n<p><b>ATENDIMENTO AO CLIENTE<\/b><\/p>\n<ul>\n<li>Atendimento, or\u00e7amentos e contrata\u00e7\u00e3o de servi\u00e7os para conserto, manuten\u00e7\u00e3o e investimentos que necessitem de apoio t\u00e9cnico especializado, e outros fornecedores;<\/li>\n<li>Realiza\u00e7\u00e3o de Assembleias Gerais, convoca\u00e7\u00e3o, assessoria para conven\u00e7\u00e3o do Condom\u00ednio;<\/li>\n<li>Constitui\u00e7\u00e3o e atualiza\u00e7\u00e3o do CNPJ do Condom\u00ednio;<\/li>\n<li>Visitas para avalia\u00e7\u00e3o de necessidades e apoio ao s\u00edndico;<\/li>\n<li>Contrata\u00e7\u00e3o e administra\u00e7\u00e3o de ap\u00f3lice de seguro, acompanhamento e liquida\u00e7\u00e3o de sinistro;<\/li>\n<li>Servi\u00e7o de malote para a retirada e entrega de correspond\u00eancia.<\/li>\n<\/ul>\n<p>[\/vc_column_text][vc_column_text css_animation=&#8221;right-to-left&#8221;]<b>ADMINISTRA\u00c7\u00c3O FINANCEIRA<\/b><\/p>\n<ul>\n<li>Abertura e administra\u00e7\u00e3o de conta banc\u00e1ria;<\/li>\n<li>Pagamentos;<\/li>\n<li>Controle de inadimplentes, cobran\u00e7a;<\/li>\n<li>Planejamento financeiro anual juntamente com o s\u00edndico;<\/li>\n<li>Proje\u00e7\u00e3o de despesas mensais;<\/li>\n<li>Declara\u00e7\u00e3o Negativa de D\u00e9bitos Condominiais;<\/li>\n<li>Gest\u00e3o tribut\u00e1ria \u2013 c\u00e1lculo para aplica\u00e7\u00e3o das al\u00edquotas, reten\u00e7\u00e3o e recolhimento de impostos.<\/li>\n<\/ul>\n<p>[\/vc_column_text][vc_column_text css_animation=&#8221;left-to-right&#8221;]<b>RECURSOS HUMANOS<\/b><\/p>\n<ul>\n<li>Recrutamento e sele\u00e7\u00e3o de funcion\u00e1rios;<\/li>\n<li>Procedimentos admissionais, demissionais e de processamento mensal da folha de pagamento, 13\u00b0 sal\u00e1rio, f\u00e9rias;<\/li>\n<li>Emiss\u00e3o e recolhimento de impostos trabalhistas e envio do relat\u00f3rios;<\/li>\n<li>Certid\u00f5es Negativas de D\u00e9bito (INSS &#8211; FGTS);<\/li>\n<li>Reten\u00e7\u00e3o e recolhimento de contribui\u00e7\u00f5es sindicais \u2013 patronal e dos empregados;<\/li>\n<\/ul>\n<p>[\/vc_column_text][vc_column_text css_animation=&#8221;right-to-left&#8221;]<b>CONT\u00c1BIL<\/b><\/p>\n<ul>\n<li>Presta\u00e7\u00e3o de contas mensais \u2013 Elabora\u00e7\u00e3o de demonstrativos de pagamentos de despesas e de recebimentos das cotas, dos devedores de cotas e balancete geral contendo a posi\u00e7\u00e3o financeira do m\u00eas;<\/li>\n<li>Emiss\u00e3o de boletos banc\u00e1rios;<\/li>\n<li>Planilhas com demonstrativo de despesas e receitas, bem como o rateio;<\/li>\n<\/ul>\n<p>[\/vc_column_text][vc_column_text css_animation=&#8221;right-to-left&#8221;]<b>\u00c1REA DO CLIENTE\u00a0<\/b><\/p>\n<p>Uma ferramenta para utiliza\u00e7\u00e3o do s\u00edndico e cond\u00f4mino, a fim de que todos se aproximem dos bastidores da vida administrativa do seu condom\u00ednio.<\/p>\n<p>O espa\u00e7o foi criado pensando em agilizar a troca de informa\u00e7\u00f5es. O cliente poder\u00e1 receber 2\u00aa via do boleto, Regulamento Interno, presta\u00e7\u00e3o de contas, entre outros documentos que forem publicados no site.<\/p>\n<p>Para a \u00c1gile um novo conceito de acessibilidade, que nos aproxima de voc\u00ea.<\/p>\n<p>Para voc\u00ea cliente parceiro, informa\u00e7\u00e3o a qualquer hora do dia.[\/vc_column_text][vc_column_text css_animation=&#8221;right-to-left&#8221;]<strong>S\u00cdNDICO GESTOR PROFISSIONAL<\/strong><\/p>\n<p>Nossa presta\u00e7\u00e3o de servi\u00e7os tem como objetivo fortalecer o mercado condominial com a\u00e7\u00f5es inovadores e experi\u00eancias inspiradoras na atua\u00e7\u00e3o como s\u00edndico gestor profissional. Mostrar que qualquer condom\u00ednio pode conquistar bons resultados, quando liderados por princ\u00edpios que viabilizam a pr\u00e1tica de h\u00e1bitos saud\u00e1veis.<\/p>\n<p>Benef\u00edcios ao condom\u00ednio de ter um s\u00edndico gestor profissional da \u00c1gile Administradora de Condom\u00ednios.<\/p>\n<ul>\n<li>Profissionaliza\u00e7\u00e3o dos procedimentos e deveres do S\u00edndico;<\/li>\n<li>Economia (sabemos como, quando, por que e para que comprar, trocar ou investir);<\/li>\n<\/ul>\n<p>Entendemos o mercado e os agentes que atuam direta e indiretamente. S\u00e3o mais de 15 anos de experi\u00eancia na gest\u00e3o de condom\u00ednios.<\/p>\n<p>Por que contratar o s\u00edndico Gestor Profissional da \u00c1gile Administradora de Condom\u00ednios?<\/p>\n<ul>\n<li>Atrav\u00e9s de uma atua\u00e7\u00e3o humana e emp\u00e1tica o gestor poder\u00e1 identificar as demandas priorit\u00e1rias do seu condom\u00ednio, trazendo seguran\u00e7a e acolhimento, e fazendo cumprir o estabelecido em conven\u00e7\u00e3o e regulamento interno;<\/li>\n<li>Realizar o planejamento seguro das mudan\u00e7as necess\u00e1rias, para que n\u00e3o haja surpresas no recebimento do boleto de condom\u00ednio;<\/li>\n<li>Buscar a melhor solu\u00e7\u00e3o com efici\u00eancia e efic\u00e1cia, sempre priorizando o despertar do senso de autorresponsabilidade no pr\u00f3ximo com atitudes positivas, inspiradoras e decisivas.<\/li>\n<\/ul>\n<p>[\/vc_column_text][vc_column_text css_animation=&#8221;right-to-left&#8221;]<strong>EQUIPE &#8211; S\u00cdNDICO GESTOR PROFISSIONAL<\/strong><\/p>\n<p><strong>Felipe Zonta<\/strong><\/p>\n<p>CRA\/SC 24573.<\/p>\n<p>Bacharel em Administra\u00e7\u00e3o pela Universidade Regional de Blumenau \u2013 FURB 07\/2011.<\/p>\n<p>Cursando P\u00f3s Gradua\u00e7\u00e3o em Media\u00e7\u00e3o e Gest\u00e3o de Conflitos pelo Centro de Mediadores.<\/p>\n<p>S\u00edndico Gestor Profissional pela Sociedade Educacional de Santa Catarina &#8211; SOCIESC 06\/2014.<\/p>\n<p>Respons\u00e1vel T\u00e9cnico pela \u00c1gile Administradora de Condom\u00ednios desde sua funda\u00e7\u00e3o em 07\/2012.<\/p>\n<p>S\u00edndico Gestor profissional com experi\u00eancia no atendimento a condom\u00ednios residenciais, comerciais e mistos (residenciais que possuem lojas em suas instala\u00e7\u00f5es).<\/p>\n<p>Al\u00e9m da preocupa\u00e7\u00e3o cont\u00ednua com o aperfei\u00e7oamento profissional, busca desenvolver suas atividades de forma humana, possui um perfil emp\u00e1tico e busca resolutivas que atendam a necessidade coletiva.[\/vc_column_text][vc_column_text css_animation=&#8221;right-to-left&#8221;]<strong>ASSESSORIA \u00c0 EMPRESAS TERCEIRIZADAS<\/strong><\/p>\n<p>Contribuir com a capacita\u00e7\u00e3o dos profissionais da \u00e1rea condominial, de forma pr\u00e1tica, simples e autorrespons\u00e1vel.<\/p>\n<p>Por que a empresa terceirizada deve contratar o treinamento da \u00c1gile?<\/p>\n<ul>\n<li>Oportunidade de aprimorar procedimentos e aumentar visibilidade, a partir de informa\u00e7\u00f5es e conscientiza\u00e7\u00e3o do cliente (condom\u00ednio);<\/li>\n<li>Tempo: sabemos como gerenciar um condom\u00ednio, entendemos as suas dores e da terceirizada. Essas certezas nos capacitam para possibilitar uma transforma\u00e7\u00e3o dos profissionais;<\/li>\n<li>Profissionais conscientes da sua responsabilidade;<\/li>\n<li>Reconhecimento por parte do condom\u00ednio, pela atua\u00e7\u00e3o Segura, Preventiva e Proativa.<\/li>\n<\/ul>\n<p>[\/vc_column_text][vc_column_text css_animation=&#8221;right-to-left&#8221;]<strong>ASSESSORIA \u00c0S CONSTRUTORAS<\/strong><\/p>\n<p>Nossa assessoria \u00e0s construtoras visa auxiliar e criar oportunidade de aprimoramento dos procedimentos, com base em nossa experi\u00eancia no acompanhamento de entregas de obras, visando \u00e0 preven\u00e7\u00e3o e melhorias na constru\u00e7\u00e3o dos condom\u00ednios.<\/p>\n<p>Reconhecer e fundamentar a\u00e7\u00f5es preventivas, para que as rela\u00e7\u00f5es dentro dos condom\u00ednios sejam vividas de forma segura, consciente, inspiradora, inovadora e educativa. Compreendemos que a forma como o condom\u00ednio \u00e9 planejado e constru\u00eddo, principalmente no que se refere \u00e0s \u00e1reas de uso comum, influenciam a cria\u00e7\u00e3o de novos h\u00e1bitos. Nossa equipe, pelo conhecimento e expertise na \u00e1rea de administra\u00e7\u00e3o de condom\u00ednios, pode auxiliar neste processo de cria\u00e7\u00e3o.[\/vc_column_text][\/vc_column][\/vc_row]<\/p>\n","protected":false},"excerpt":{"rendered":"<p>[vc_row][vc_column][vc_column_text css_animation=&#8221;left-to-right&#8221;]ADMINISTRA\u00c7\u00c3O DE CONDOM\u00cdNIOS ATENDIMENTO AO CLIENTE Atendimento, or\u00e7amentos e contrata\u00e7\u00e3o de servi\u00e7os para conserto, manuten\u00e7\u00e3o e investimentos que necessitem de apoio t\u00e9cnico especializado, e outros fornecedores; Realiza\u00e7\u00e3o de Assembleias Gerais, convoca\u00e7\u00e3o, assessoria para conven\u00e7\u00e3o do Condom\u00ednio; Constitui\u00e7\u00e3o e atualiza\u00e7\u00e3o do CNPJ do Condom\u00ednio; Visitas para avalia\u00e7\u00e3o de necessidades e apoio ao s\u00edndico; Contrata\u00e7\u00e3o e&hellip;<\/p>\n","protected":false},"author":1,"featured_media":0,"parent":0,"menu_order":3,"comment_status":"open","ping_status":"closed","template":"","meta":{"footnotes":""},"_links":{"self":[{"href":"https:\/\/www.agileadministradora.com\/site\/wp-json\/wp\/v2\/pages\/10"}],"collection":[{"href":"https:\/\/www.agileadministradora.com\/site\/wp-json\/wp\/v2\/pages"}],"about":[{"href":"https:\/\/www.agileadministradora.com\/site\/wp-json\/wp\/v2\/types\/page"}],"author":[{"embeddable":true,"href":"https:\/\/www.agileadministradora.com\/site\/wp-json\/wp\/v2\/users\/1"}],"replies":[{"embeddable":true,"href":"https:\/\/www.agileadministradora.com\/site\/wp-json\/wp\/v2\/comments?post=10"}],"version-history":[{"count":23,"href":"https:\/\/www.agileadministradora.com\/site\/wp-json\/wp\/v2\/pages\/10\/revisions"}],"predecessor-version":[{"id":883,"href":"https:\/\/www.agileadministradora.com\/site\/wp-json\/wp\/v2\/pages\/10\/revisions\/883"}],"wp:attachment":[{"href":"https:\/\/www.agileadministradora.com\/site\/wp-json\/wp\/v2\/media?parent=10"}],"curies":[{"name":"wp","href":"https:\/\/api.w.org\/{rel}","templated":true}]}}