{"id":911,"date":"2022-09-19T19:33:44","date_gmt":"2022-09-19T19:33:44","guid":{"rendered":"http:\/\/www.agileadministradora.com\/site\/?page_id=911"},"modified":"2022-09-19T19:33:44","modified_gmt":"2022-09-19T19:33:44","slug":"assessoria-as-construtoras","status":"publish","type":"page","link":"https:\/\/www.agileadministradora.com\/site\/servicos\/assessoria-as-construtoras\/","title":{"rendered":"Assessoria \u00e0s Construtoras"},"content":{"rendered":"<p>[vc_row][vc_column width=&#8221;1\/2&#8243;][vc_single_image image=&#8221;897&#8243; img_size=&#8221;full&#8221;][\/vc_column][vc_column width=&#8221;1\/2&#8243;][vc_column_text]<\/p>\n<p style=\"text-align: justify;\"><strong>ASSESSORIA \u00c0S CONSTRUTORAS<\/strong><\/p>\n<p style=\"text-align: justify;\">Nossa assessoria \u00e0s construtoras visa auxiliar e criar oportunidade de aprimoramento dos procedimentos, com base em nossa experi\u00eancia no acompanhamento de entregas de obras, visando \u00e0 preven\u00e7\u00e3o e melhorias na constru\u00e7\u00e3o dos condom\u00ednios.<\/p>\n<p style=\"text-align: justify;\">Reconhecer e fundamentar a\u00e7\u00f5es preventivas, para que as rela\u00e7\u00f5es dentro dos condom\u00ednios sejam vividas de forma segura, consciente, inspiradora, inovadora e educativa. Compreendemos que a forma como o condom\u00ednio \u00e9 planejado e constru\u00eddo, principalmente no que se refere \u00e0s \u00e1reas de uso comum, influenciam a cria\u00e7\u00e3o de novos h\u00e1bitos. Nossa equipe, pelo conhecimento e expertise na \u00e1rea de administra\u00e7\u00e3o de condom\u00ednios, pode auxiliar neste processo de cria\u00e7\u00e3o.<\/p>\n<p>[\/vc_column_text][\/vc_column][\/vc_row]<\/p>\n","protected":false},"excerpt":{"rendered":"<p>[vc_row][vc_column width=&#8221;1\/2&#8243;][vc_single_image image=&#8221;897&#8243; img_size=&#8221;full&#8221;][\/vc_column][vc_column width=&#8221;1\/2&#8243;][vc_column_text] ASSESSORIA \u00c0S CONSTRUTORAS Nossa assessoria \u00e0s construtoras visa auxiliar e criar oportunidade de aprimoramento dos procedimentos, com base em nossa experi\u00eancia no acompanhamento de entregas de obras, visando \u00e0 preven\u00e7\u00e3o e melhorias na constru\u00e7\u00e3o dos condom\u00ednios. Reconhecer e fundamentar a\u00e7\u00f5es preventivas, para que as rela\u00e7\u00f5es dentro dos condom\u00ednios sejam vividas&hellip;<\/p>\n","protected":false},"author":1,"featured_media":0,"parent":10,"menu_order":0,"comment_status":"closed","ping_status":"closed","template":"","meta":{"footnotes":""},"_links":{"self":[{"href":"https:\/\/www.agileadministradora.com\/site\/wp-json\/wp\/v2\/pages\/911"}],"collection":[{"href":"https:\/\/www.agileadministradora.com\/site\/wp-json\/wp\/v2\/pages"}],"about":[{"href":"https:\/\/www.agileadministradora.com\/site\/wp-json\/wp\/v2\/types\/page"}],"author":[{"embeddable":true,"href":"https:\/\/www.agileadministradora.com\/site\/wp-json\/wp\/v2\/users\/1"}],"replies":[{"embeddable":true,"href":"https:\/\/www.agileadministradora.com\/site\/wp-json\/wp\/v2\/comments?post=911"}],"version-history":[{"count":1,"href":"https:\/\/www.agileadministradora.com\/site\/wp-json\/wp\/v2\/pages\/911\/revisions"}],"predecessor-version":[{"id":912,"href":"https:\/\/www.agileadministradora.com\/site\/wp-json\/wp\/v2\/pages\/911\/revisions\/912"}],"up":[{"embeddable":true,"href":"https:\/\/www.agileadministradora.com\/site\/wp-json\/wp\/v2\/pages\/10"}],"wp:attachment":[{"href":"https:\/\/www.agileadministradora.com\/site\/wp-json\/wp\/v2\/media?parent=911"}],"curies":[{"name":"wp","href":"https:\/\/api.w.org\/{rel}","templated":true}]}}